263?
False
Is 56070 a multiple of 45?
True
Is 203 a multiple of 19?
False
Is 12 a factor of 674?
False
Is 40 a factor of 11000?
True
Does 26 divide 467?
False
Is 12 a factor of 5610?
False
Is 68 a factor of 1001?
False
Is 5 a factor of 620?
True
Does 18 divide 288?
True
Is 1176 a multiple of 42?
True
Does 7 divide 1419?
False
Does 38 divide 13034?
True
Is 209 a factor of 34310?
False
Is 14526 a multiple of 9?
True
Is 11 a factor of 2618?
True
Does 5 divide 26318?
False
Is 18 a factor of 33267?
False
Is 20 a factor of 1424?
False
Is 14 a factor of 920?
False
Does 12 divide 81269?
False
Does 10 divide 6920?
True
Is 27 a factor of 1215?
True
Does 27 divide 40203?
True
Is 15 a factor of 233?
False
Is 2 a factor of 551?
False
Is 72 a multiple of 12?
True
Is 3508 a multiple of 68?
False
Is 65 a factor of 579?
False
Does 15 divide 315?
True
Is 2363 a multiple of 17?
True
Is 9 a factor of 722?
False
Is 1282 a multiple of 7?
False
Is 3366 a multiple of 43?
False
Is 268 a multiple of 12?
False
Is 875 a multiple of 7?
True
Does 15 divide 1725?
True
Is 11 a factor of 1320?
True
Is 9 a factor of 623?
False
Does 2 divide 56?
True
Is 550 a multiple of 25?
True
Is 2050 a multiple of 480?
False
Is 41633 a multiple of 174?
False
Is 1315 a multiple of 21?
False
Does 5 divide 115?
True
Does 60 divide 7380?
True
Does 7 divide 194?
False
Does 75 divide 13950?
True
Is 133 a multiple of 4?
False
Is 52 a factor of 1040?
True
Is 1548 a multiple of 36?
True
Does 65 divide 35137?
False
Is 38 a factor of 1444?
True
Is 1665 a multiple of 26?
False
Does 9 divide 10520?
False
Is 239 a factor of 45888?
True
Does 5 divide 302?
False
Is 106 a factor of 129823?
False
Is 3 a factor of 18710?
False
Is 118 a factor of 6263?
False
Does 30 divide 206?
False
Does 30 divide 78866?
False
Does 5 divide 1117?
False
Does 3 divide 4677?
True
Is 2074 a multiple of 10?
False
Does 23 divide 1840?
True
Is 1998 a multiple of 54?
True
Is 12 a factor of 150?
False
Is 1858 a multiple of 63?
False
Does 8 divide 405?
False
Does 62 divide 3062?
False
Is 54456 a multiple of 22?
False
Does 172 divide 15824?
True
Is 4743 a multiple of 31?
True
Is 60450 a multiple of 78?
True
Is 622 a multiple of 311?
True
Does 54 divide 3510?
True
Does 32 divide 3184?
False
Does 2 divide 75?
False
Is 37 a factor of 18537?
True
Does 110 divide 6272?
False
Is 1368 a multiple of 18?
True
Is 1548 a multiple of 9?
True
Is 4 a factor of 1040?
True
Is 22512 a multiple of 16?
True
Does 50 divide 3823?
False
Is 24 a factor of 7224?
True
Is 26 a factor of 390?
True
Is 42 a multiple of 11?
False
Is 5667 a multiple of 2?
False
Is 6 a factor of 1986?
True
Does 21 divide 27479?
False
Is 2210 a multiple of 26?
True
Is 20 a factor of 68690?
False
Does 32 divide 20800?
True
Is 78735 a multiple of 15?
True
Is 55 a factor of 1104?
False
Does 12 divide 348?
True
Does 23 divide 1693?
False
Is 153 a factor of 2923?
False
Is 660 a multiple of 11?
True
Is 7506 a multiple of 27?
True
Does 93 divide 18507?
True
Does 173 divide 17187?
False
Does 11 divide 685?
False
Is 24603 a multiple of 59?
True
Does 16 divide 54096?
True
Is 13382 a multiple of 102?
False
Does 2 divide 107?
False
Is 81 a multiple of 27?
True
Is 336 a multiple of 21?
True
Does 18 divide 60110?
False
Is 2046 a multiple of 33?
True
Is 16955 a multiple of 148?
False
Is 25 a factor of 16400?
True
Is 12 a factor of 708?
True
Does 140 divide 65800?
True
Is 10 a factor of 426?
False
Is 28850 a multiple of 46?
False
Is 17 a factor of 765?
True
Does 6 divide 1224?
True
Does 7 divide 2639?
True
Does 19 divide 37606?
False
Does 46 divide 138?
True
Does 37 divide 996?
False
Is 3 a factor of 28?
False
Is 26 a factor of 26103?
False
Is 47 a factor of 940?
True
Is 54 a factor of 1134?
True
Is 5 a factor of 13149?
False
Is 77 a factor of 5852?
True
Is 14 a factor of 70?
True
Does 17 divide 68?
True
Is 39348 a multiple of 12?
True
Is 2040 a multiple of 8?
True
Is 12 a factor of 10106?
False
Is 1041 a multiple of 12?
False
Does 13 divide 2398?
False
Is 23 a factor of 322?
True
Does 41 divide 251?
False
Is 141 a factor of 22691?
False
Is 13 a factor of 5811?
True
Does 185 divide 1180?
False
Does 18 divide 630?
True
Is 9 a factor of 225?
True
Is 21 a factor of 36492?
False
Does 69 divide 31947?
True
Is 45255 a multiple of 213?
False
Is 40 a multiple of 25?
False
Does 293 divide 2051?
True
Is 12 a factor of 792?
True
Is 36 a multiple of 3?
True
Is 261 a multiple of 3?
True
Is 202240 a multiple of 64?
True
Does 22 divide 1342?
True
Is 55931 a multiple of 20?
False
Is 420 a multiple of 21?
True
Is 40608 a multiple of 6?
True
Is 329 a factor of 25969?
False
Is 11 a factor of 3745?
False
Is 2906 a multiple of 17?
False
Is 22 a factor of 51741?
False
Does 5 divide 1210?
True
Is 768 a multiple of 96?
True
Is 210 a multiple of 10?
True
Is 5445 a multiple of 33?
True
Is 798 a multiple of 42?
True
Is 2992 a multiple of 22?
True
Does 40 divide 200?
True
Is 19 a factor of 1312?
False
Is 671 a multiple of 61?
True
Is 26 a factor of 260?
True
Is 15488 a multiple of 22?
True
Does 9 divide 5526?
True
Is 20 a factor of 2080?
True
Is 3 a factor of 312?
True
Does 16 divide 2691?
False
Is 98390 a multiple of 276?
False
Is 2933 a multiple of 8?
False
Does 38 divide 300?
False
Is 12910 a multiple of 12?
False
Is 71 a factor of 1762?
False
Does 27 divide 918?
True
Is 2286 a multiple of 9?
True
Is 119 a factor of 2412?
False
Does 67 divide 3532?
False
Is 280 a multiple of 8?
True
Is 20 a factor of 1000?
True
Does 8 divide 9725?
False
Does 25 divide 2675?
True
Does 32 divide 7552?
True
Is 31 a multiple of 5?
False
Is 64 a factor of 581?
False
Is 5 a factor of 21829?
False
Is 180 a multiple of 10?
True
Does 89 divide 18067?
True
Is 113 a factor of 1965?
False
Is 117 a factor of 9009?
True
Is 49 a factor of 1098?
False
Is 2581 a multiple of 3?
False
Is 56 a factor of 34502?
False
Does 19 divide 11539?
False
Is 197 a multiple of 35?
False
Is 2619 a multiple of 9?
True
Is 2862 a multiple of 53?
True
Is 20 a factor of 2060?
True
Is 13 a factor of 351?
True
Does 28 divide 12208?
True
Is 57 a factor of 2261?
False
Is 8 a factor of 3097?
False
Is 13 a factor of 252?
False
Is 18018 a multiple of 13?
True
Does 13 divide 31954?
True
Is 39349 a multiple of 19?
True
Is 10 a factor of 185?
False
Does 40 divide 385?
False
Is 50940 a multiple of 180?
True
Is 14544 a multiple of 6?
True
Is 33326 a multiple of 22?
False
Does 3 divide 6387?
True
Is 7 a factor of 50104?
False
Is 17 a factor of 374?
True
Does 5 divide 2736?
False
Does 21 divide 168?
True
Does 29 divide 725?
True
Does 7 divide 112?
True
Is 414 a multiple of 9?
True
Does 2 divide 80?
True
Is 1312 a multiple of 36?
False
Does 20 divide 4258?
False
Does 10 divide 423?
False
Does 21 divide 217?
False
Does 27 divide 24678?
True
Is 49 a factor of 622?
False
Is 17 a factor of 1360?
True
Does 69 divide 414?
True
Is 234 a multiple of 5?
False
Does 28 divide 2192?
False
Is 10 a factor of 110?
True
Is 272 a factor of 11152?
True
Is 59 a factor of 295?
True
Does 39 divide 14800?
False
Is 7036 a multiple of 12?
False
Is 336 a multiple of 48?
True
Is 13 a factor of 173472?
True
Is 2928 a multiple of 8?
True
Is 20 a factor of 13760?
True
Is 70 a factor of 3627?
False
Does 27 divide 193718?
False
Does 96 divide 109824?
True
Does 39 divide 137590?
False
Is 62948 a multiple of 20?
False
Does 56 divide 6440?
True
Is 55 a factor of 52688?
False
Does 3 divide 852?
True
Is 74 a factor of 24974?
False
Does 42 divide 5068?
False
Is 222 even?
True
Does 20 divide 320?
True
Does 7 divide 547?
False
Does 19 divide 589?
True
Does 35 divide 8103?
False
Does 83 divide 332?
True
Is 9800 a multiple of 56?
True
Does 5 divide 3783?
False
Is 83 a factor of 4150?
True
Is 29 a factor of 19070?
False
Is 2467 a multiple of 22?
False
Is 1119 a multiple of 65?
False
Is 3 a factor of 71?
False
Does 3 divide 178?
False
Is 190 a factor of 89490?
True
Is 1945 a multiple of 30?
False
Is 192 a factor of 47663?
False
Does 21 divide 651?
True
Does 55 divide 17985?
True
Is 7 a factor of 3119?
False
Does 14 divide 1624?
True
Is 46 a factor of 12866?
False
Does 76 divide 782?
False
Does 15 divide 18337?
False
Is 3904 a multiple of 46?
False
Is 4 a factor of 1228?
True
Is 37 a factor of 937?
False
Does 22 divide 4705?
False
Do